it of 3840533?
0
What is the hundred thousands digit of 9998673?
9
What is the tens digit of 366754?
5
What is the ten thousands digit of 50742?
5
What is the thousands digit of 4904196?
4
What is the millions digit of 5237889?
5
What is the thousands digit of 3750253?
0
What is the millions digit of 16447283?
6
What is the hundred thousands digit of 460484?
4
What is the tens digit of 1742011?
1
What is the millions digit of 2277223?
2
What is the tens digit of 774947?
4
What is the hundreds digit of 894561?
5
What is the ten thousands digit of 519128?
1
What is the hundreds digit of 774382?
3
What is the hundreds digit of 169315?
3
What is the hundreds digit of 230501?
5
What is the thousands digit of 82474?
2
What is the units digit of 106785?
5
What is the units digit of 22364?
4
What is the hundreds digit of 9957700?
7
What is the thousands digit of 241730?
1
What is the units digit of 206350?
0
What is the ten thousands digit of 58342?
5
What is the units digit of 690487?
7
What is the hundred thousands digit of 1620763?
6
What is the units digit of 1132418?
8
What is the hundreds digit of 190527?
5
What is the tens digit of 5729175?
7
What is the millions digit of 2112870?
2
What is the hundred thousands digit of 5893200?
8
What is the hundreds digit of 8851496?
4
What is the ten thousands digit of 2761169?
6
What is the ten thousands digit of 7914503?
1
What is the thousands digit of 574533?
4
What is the units digit of 326?
6
What is the tens digit of 5836720?
2
What is the hundred thousands digit of 17858938?
8
What is the ten millions digit of 10623345?
1
What is the ten thousands digit of 4507775?
0
What is the hundred thousands digit of 145261?
1
What is the millions digit of 1531666?
1
What is the tens digit of 142599?
9
What is the units digit of 3086365?
5
What is the thousands digit of 310837?
0
What is the units digit of 9645773?
3
What is the hundreds digit of 40404?
4
What is the thousands digit of 2548755?
8
What is the millions digit of 6963423?
6
What is the tens digit of 35623?
2
What is the ten thousands digit of 1969934?
6
What is the hundred thousands digit of 736304?
7
What is the hundred thousands digit of 2771262?
7
What is the ten thousands digit of 10002924?
0
What is the millions digit of 5542598?
5
What is the units digit of 856184?
4
What is the units digit of 8155172?
2
What is the ten thousands digit of 5265990?
6
What is the thousands digit of 142266?
2
What is the hundred thousands digit of 14161106?
1
What is the hundred thousands digit of 172746?
1
What is the ten thousands digit of 1058705?
5
What is the millions digit of 9091654?
9
What is the thousands digit of 678469?
8
What is the hundred thousands digit of 7951533?
9
What is the tens digit of 2061955?
5
What is the units digit of 1531427?
7
What is the ten thousands digit of 2317229?
1
What is the hundred thousands digit of 137580?
1
What is the ten thousands digit of 1575095?
7
What is the hundreds digit of 1485842?
8
What is the units digit of 581536?
6
What is the hundred thousands digit of 3110755?
1
What is the hundreds digit of 24470477?
4
What is the tens digit of 4027764?
6
What is the tens digit of 785630?
3
What is the units digit of 3367160?
0
What is the units digit of 456439?
9
What is the ten thousands digit of 1074136?
7
What is the units digit of 2039899?
9
What is the hundred thousands digit of 5130674?
1
What is the hundreds digit of 529953?
9
What is the thousands digit of 105915?
5
What is the millions digit of 2480839?
2
What is the tens digit of 215599?
9
What is the tens digit of 224214?
1
What is the hundreds digit of 24717367?
3
What is the units digit of 80345?
5
What is the units digit of 2764535?
5
What is the tens digit of 454822?
2
What is the hundred thousands digit of 20363662?
3
What is the millions digit of 1116839?
1
What is the ten thousands digit of 5106295?
0
What is the hundred thousands digit of 3292014?
2
What is the hundred thousands digit of 885835?
8
What is the tens digit of 24033017?
1
What is the millions digit of 2661340?
2
What is the ten thousands digit of 320656?
2
What is the ten thousands digit of 530857?
3
What is the ten thousands digit of 187803?
8
What is the tens digit of 13961531?
3
What is the units digit of 1718204?
4
What is the tens digit of 107081?
8
What is the hundreds digit of 269540?
5
What is the tens digit of 394960?
6
What is the tens digit of 1027508?
0
What is the tens digit of 148399?
9
What is the millions digit of 2700838?
2
What is the units digit of 170709?
9
What is the units digit of 364323?
3
What is the ten thousands digit of 5120473?
2
What is the tens digit of 111927?
2
What is the thousands digit of 195537?
5
What is the ten thousands digit of 1841483?
4
What is the units digit of 559343?
3
What is the tens digit of 1585211?
1
What is the tens digit of 169779?
7
What is the hundred thousands digit of 118298?
1
What is the tens digit of 1055200?
0
What is the millions digit of 2283485?
2
What is the thousands digit of 1517377?
7
What is the ten thousands digit of 184560?
8
What is the tens digit of 341031?
3
What is the ten thousands digit of 2157298?
5
What is the ten thousands digit of 31960116?
6
What is the units digit of 120520?
0
What is the millions digit of 23284579?
3
What is the ten thousands digit of 264599?
6
What is the hundred thousands digit of 754549?
7
What is the thousands digit of 113321?
3
What is the hundred thousands digit of 167919?
1
What is the tens digit of 4647473?
7
What is the hundred thousands digit of 8224912?
2
What is the hundred thousands digit of 476849?
4
What is the hundreds digit of 489657?
6
What is the thousands digit of 7809192?
9
What is the hundreds digit of 156024?
0
What is the hundreds digit of 2897772?
7
What is the ten thousands digit of 1181706?
8
What is the tens digit of 184006?
0
What is the thousands digit of 1077787?
7
What is the units digit of 20124787?
7
What is the ten thousands digit of 5176389?
7
What is the tens digit of 290689?
8
What is the tens digit of 13899841?
4
What is the thousands digit of 27165478?
5
What is the hundreds digit of 166388?
3
What is the hundreds digit of 1585246?
2
What is the thousands digit of 17876149?
6
What is the tens digit of 16007657?
5
What is the thousands digit of 3164503?
4
What is the thousands digit of 283278?
3
What is the millions digit of 2048176?
2
What is the units digit of 918944?
4
What is the hundreds digit of 490990?
9
What is the ten thousands digit of 121647?
2
What is the ten thousands digit of 2463494?
6
What is the thousands digit of 506044?
6
What is the ten millions digit of 18540405?
1
What is the units digit of 4829961?
1
What is the millions digit of 1368457?
1
What is the hundred thousands digit of 764996?
7
What is the units digit of 9127546?
6
What is the hundreds digit of 231611?
6
What is the millions digit of 1131679?
1
What is the thousands digit of 1314091?
4
What is the hundreds digit of 1319496?
4
What is the units digit of 1713290?
0
What is the tens digit of 401690?
9
What is the tens digit of 320385?
8
What is the ten thousands digit of 12124?
1
What is the thousands digit of 1354277?
4
What is the thousands digit of 24135?
4
What is the units digit of 183438?
8
What is the tens digit of 706584?
8
What is the hundreds digit of 20188909?
9
What is the thousands digit of 479876?
9
What is the thousands digit of 24545070?
5
What is the hundreds digit of 2582091?
0
What is the units digit of 233946?
6
What is the thousands digit of 3110582?
0
What is the millions digit of 4712269?
4
What is the tens digit of 363059?
5
What is the hundreds digit of 224275?
2
What is the thousands digit of 86672?
6
What is the ten millions digit of 11812091?
1
What is the ten thousands digit of 970506?
7
What is the hundred thousands digit of 196933?
1
What is the hundred thousands digit of 401049?
4
What is the ten thousands digit of 121157?
2
What is the thousands digit of 9319880?
9
What is the tens digit of 1921531?
3
What is the thousands digit of 3034106?
4
What is the tens digit of 6304818?
1
What is the units digit of 85663?
3
What is the ten millions digit of 15586618?
1
What is the ten thousands digit of 795544?
9
What is the ten millions digi